{"id":39,"date":"2020-05-03T14:53:53","date_gmt":"2020-05-03T12:53:53","guid":{"rendered":"http:\/\/nwjjv-jugend.de\/wordpress\/?page_id=39"},"modified":"2022-04-01T08:10:37","modified_gmt":"2022-04-01T06:10:37","slug":"wer-ist-denn-da-der-macher","status":"publish","type":"page","link":"https:\/\/nwjjv-jugend.de\/wordpress\/wer-ist-denn-da-der-macher\/","title":{"rendered":"Wer ist denn da der Macher ?"},"content":{"rendered":"<p><img loading=\"lazy\" decoding=\"async\" class=\"size-medium wp-image-59 alignleft\" src=\"https:\/\/nwjjv-jugend.de\/wordpress\/wp-content\/uploads\/2022\/04\/840d9b36fa4761d8021649c84b7d761a641a87ef-300x246.jpg\" alt=\"\" width=\"300\" height=\"246\" srcset=\"https:\/\/nwjjv-jugend.de\/wordpress\/wp-content\/uploads\/2022\/04\/840d9b36fa4761d8021649c84b7d761a641a87ef-300x246.jpg 300w, https:\/\/nwjjv-jugend.de\/wordpress\/wp-content\/uploads\/2022\/04\/840d9b36fa4761d8021649c84b7d761a641a87ef-768x629.jpg 768w, https:\/\/nwjjv-jugend.de\/wordpress\/wp-content\/uploads\/2022\/04\/840d9b36fa4761d8021649c84b7d761a641a87ef.jpg 1024w\" sizes=\"auto, (max-width: 300px) 100vw, 300px\" \/>Die Verbandsjugendleitung<\/p>\n<p>Die Jugend ist ein eigenes Organ innerhalb des NWJJV e.V. , sie wird von der Verbandjugendleitung gef\u00fchrt.<\/p>\n<p>Die Verbandjugendleitung wird auf der Jugendvollversammlung f\u00fcr vier Jahre gew\u00e4hlt.<\/p>\n<p>Die stimmberechtigten Mitglieder der Jugendvollversammlung setzen sich zusammen aus dem Referent\/in Jugend, seinem Stellvertreter\/in, den Bezirksvertretern\/in, Jugendvertreter Kampf, und 1 Vertreter\/in des Pr\u00e4sidiums des NWJJV e.V.<\/p>\n<p>Zur J\u00e4hrlich stattfindenden Landesjugendvollversammlung sind die Vereinsvertreter der Mitgliedsvereine mit Jugend sowie geladene G\u00e4ste herzlich willkommen.<\/p>\n<p>Die Verbandjugendleitung Regelt den sportlichen Ablauf im Jugendbereich auf Landesebene und ist das Bindeglied zum Landesverband.<\/p>\n<p><img loading=\"lazy\" decoding=\"async\" class=\"size-medium wp-image-60 alignright\" src=\"https:\/\/nwjjv-jugend.de\/wordpress\/wp-content\/uploads\/2022\/04\/0a1cb7b883c7ead41a8ab340339c50ae4a95bfbb-262x300.jpg\" alt=\"\" width=\"262\" height=\"300\" srcset=\"https:\/\/nwjjv-jugend.de\/wordpress\/wp-content\/uploads\/2022\/04\/0a1cb7b883c7ead41a8ab340339c50ae4a95bfbb-262x300.jpg 262w, https:\/\/nwjjv-jugend.de\/wordpress\/wp-content\/uploads\/2022\/04\/0a1cb7b883c7ead41a8ab340339c50ae4a95bfbb-768x881.jpg 768w, https:\/\/nwjjv-jugend.de\/wordpress\/wp-content\/uploads\/2022\/04\/0a1cb7b883c7ead41a8ab340339c50ae4a95bfbb.jpg 837w\" sizes=\"auto, (max-width: 262px) 100vw, 262px\" \/>Die Bezirksvertreter Jugend Regeln den Ablauf in den Bezirken und sind das Bindeglied f\u00fcr die Vereine zur Verbandjugendleitung, die Bezirksvertreter Jugend werden in den Bezirken gew\u00e4hlt.<\/p>\n<p><b>Bezirke im NWJJV e.V. :\u00a0<\/b><\/p>\n<p>Aachen , Arnsberg , Bielefeld , D\u00fcsseldorf , K\u00f6ln, Siegen , M\u00f6nchengladbach<\/p>\n<p><b>Die Verbandsjugendleitung setzt sich zusammen aus: \u00a0<\/b><\/p>\n<ul class=\"list list--square\">\n<li>\u00a0Referent\/in Jugend (Vorsitzender) \u00b7<\/li>\n<li>\u00a0stellvertr. Referent\/in Jugend \u00b7<\/li>\n<li>\u00a0Vertreter des Pr\u00e4sidium \u00b7<\/li>\n<li>\u00a07 Bezirksvertreter\/innen Jugend \u00b7<\/li>\n<li>\u00a0Jugendvertreter\/in Kampf \u00b7<\/li>\n<li>\u00a0Jugendvertreter\/in Internet<\/li>\n<\/ul>\n","protected":false},"excerpt":{"rendered":"<p>Die Verbandsjugendleitung Die Jugend ist ein eigenes Organ innerhalb des NWJJV e.V. , sie wird von der Verbandjugendleitung gef\u00fchrt. Die Verbandjugendleitung wird auf der Jugendvollversammlung f\u00fcr vier Jahre gew\u00e4hlt. Die &hellip; <a href=\"https:\/\/nwjjv-jugend.de\/wordpress\/wer-ist-denn-da-der-macher\/\" class=\"more-link\"><span class=\"screen-reader-text\">Wer ist denn da der Macher ?<\/span> weiterlesen<\/a><\/p>\n","protected":false},"author":1,"featured_media":0,"parent":0,"menu_order":0,"comment_status":"closed","ping_status":"closed","template":"","meta":{"footnotes":""},"class_list":["post-39","page","type-page","status-publish","hentry"],"_links":{"self":[{"href":"https:\/\/nwjjv-jugend.de\/wordpress\/wp-json\/wp\/v2\/pages\/39","targetHints":{"allow":["GET"]}}],"collection":[{"href":"https:\/\/nwjjv-jugend.de\/wordpress\/wp-json\/wp\/v2\/pages"}],"about":[{"href":"https:\/\/nwjjv-jugend.de\/wordpress\/wp-json\/wp\/v2\/types\/page"}],"author":[{"embeddable":true,"href":"https:\/\/nwjjv-jugend.de\/wordpress\/wp-json\/wp\/v2\/users\/1"}],"replies":[{"embeddable":true,"href":"https:\/\/nwjjv-jugend.de\/wordpress\/wp-json\/wp\/v2\/comments?post=39"}],"version-history":[{"count":2,"href":"https:\/\/nwjjv-jugend.de\/wordpress\/wp-json\/wp\/v2\/pages\/39\/revisions"}],"predecessor-version":[{"id":61,"href":"https:\/\/nwjjv-jugend.de\/wordpress\/wp-json\/wp\/v2\/pages\/39\/revisions\/61"}],"wp:attachment":[{"href":"https:\/\/nwjjv-jugend.de\/wordpress\/wp-json\/wp\/v2\/media?parent=39"}],"curies":[{"name":"wp","href":"https:\/\/api.w.org\/{rel}","templated":true}]}}

<p><img loading="lazy" decoding="async" class="size-medium wp-image-59 alignleft" src="https://nwjjv-jugend.de/wordpress/wp-content/uploads/2022/04/840d9b36fa4761d8021649c84b7d761a641a87ef-300x246.jpg" alt="" width="300" height="246" srcset="https://nwjjv-jugend.de/wordpress/wp-content/uploads/2022/04/840d9b36fa4761d8021649c84b7d761a641a87ef-300x246.jpg 300w, https://nwjjv-jugend.de/wordpress/wp-content/uploads/2022/04/840d9b36fa4761d8021649c84b7d761a641a87ef-768x629.jpg 768w, https://nwjjv-jugend.de/wordpress/wp-content/uploads/2022/04/840d9b36fa4761d8021649c84b7d761a641a87ef.jpg 1024w" sizes="auto, (max-width: 300px) 100vw, 300px" />Die Verbandsjugendleitung</p>
<p>Die Jugend ist ein eigenes Organ innerhalb des NWJJV e.V. , sie wird von der Verbandjugendleitung geführt.</p>
<p>Die Verbandjugendleitung wird auf der Jugendvollversammlung für vier Jahre gewählt.</p>
<p>Die stimmberechtigten Mitglieder der Jugendvollversammlung setzen sich zusammen aus dem Referent/in Jugend, seinem Stellvertreter/in, den Bezirksvertretern/in, Jugendvertreter Kampf, und 1 Vertreter/in des Präsidiums des NWJJV e.V.</p>
<p>Zur Jährlich stattfindenden Landesjugendvollversammlung sind die Vereinsvertreter der Mitgliedsvereine mit Jugend sowie geladene Gäste herzlich willkommen.</p>
<p>Die Verbandjugendleitung Regelt den sportlichen Ablauf im Jugendbereich auf Landesebene und ist das Bindeglied zum Landesverband.</p>
<p><img loading="lazy" decoding="async" class="size-medium wp-image-60 alignright" src="https://nwjjv-jugend.de/wordpress/wp-content/uploads/2022/04/0a1cb7b883c7ead41a8ab340339c50ae4a95bfbb-262x300.jpg" alt="" width="262" height="300" srcset="https://nwjjv-jugend.de/wordpress/wp-content/uploads/2022/04/0a1cb7b883c7ead41a8ab340339c50ae4a95bfbb-262x300.jpg 262w, https://nwjjv-jugend.de/wordpress/wp-content/uploads/2022/04/0a1cb7b883c7ead41a8ab340339c50ae4a95bfbb-768x881.jpg 768w, https://nwjjv-jugend.de/wordpress/wp-content/uploads/2022/04/0a1cb7b883c7ead41a8ab340339c50ae4a95bfbb.jpg 837w" sizes="auto, (max-width: 262px) 100vw, 262px" />Die Bezirksvertreter Jugend Regeln den Ablauf in den Bezirken und sind das Bindeglied für die Vereine zur Verbandjugendleitung, die Bezirksvertreter Jugend werden in den Bezirken gewählt.</p>
<p><b>Bezirke im NWJJV e.V. : </b></p>
<p>Aachen , Arnsberg , Bielefeld , Düsseldorf , Köln, Siegen , Mönchengladbach</p>
<p><b>Die Verbandsjugendleitung setzt sich zusammen aus:  </b></p>
<ul class="list list--square">
<li> Referent/in Jugend (Vorsitzender) ·</li>
<li> stellvertr. Referent/in Jugend ·</li>
<li> Vertreter des Präsidium ·</li>
<li> 7 Bezirksvertreter/innen Jugend ·</li>
<li> Jugendvertreter/in Kampf ·</li>
<li> Jugendvertreter/in Internet</li>
</ul>

<p>Die Verbandsjugendleitung Die Jugend ist ein eigenes Organ innerhalb des NWJJV e.V. , sie wird von der Verbandjugendleitung geführt. Die Verbandjugendleitung wird auf der Jugendvollversammlung für vier Jahre gewählt. Die &hellip; <a href="https://nwjjv-jugend.de/wordpress/wer-ist-denn-da-der-macher/" class="more-link"><span class="screen-reader-text">Wer ist denn da der Macher ?</span> weiterlesen</a></p>
